hen y is divided by 9?
8
Let o(f) = -8*f - 3 + 11*f - 1. What is the remainder when -43*(0 + 1 - 2) is divided by o(5)?
10
Calculate the remainder when (-1722)/63*6/(-4) is divided by 16.
9
Suppose 2*x - 26 = 5*h, 8 = 2*x - 6*x - 5*h. Suppose 56 = 5*b + 2*p, x*b = 3*p - 7*p + 28. Calculate the remainder when 21 is divided by b.
9
Suppose -10 = -b + 4*g, 4*b - 4*g - 88 = -0*b. Let r(d) = -9*d + 388. Calculate the remainder when r(38) is divided by b.
20
What is the remainder when 22 is divided by 12 - (1 - (-9)/6*2)?
6
Let t(j) be the second derivative of -5*j**3/3 - 17*j**2/2 - 8*j. What is the remainder when t(-4) is divided by 13?
10
Let o = -16 - -16. Let x be (-1 - o)*-1*4. What is the remainder when 53 is divided by 8 + x + (1 - 2)?
9
Suppose 0 = 2*h + 2*c - 160, -5*c - 10 = -3*c. Calculate the remainder when 592 is divided by h.
82
What is the remainder when (-1420)/30*(1 + -3 - 1) is divided by 48?
46
Let z(k) = 3*k**2 + 35*k - 261. Calculate the remainder when 4060 is divided by z(7).
130
Let o = 293 + -58. Calculate the remainder when o is divided by 120.
115
Let m = 7 + 4. Suppose 0 = -f - 3*f + 4*q + 4, 2*q + 17 = 5*f. Calculate the remainder when m is divided by f.
1
Suppose 0 = 3*y + 3*s - 39, -41 = -3*y - 3*s + 2*s. Suppose -20 + y = -2*l. Calculate the remainder when 15 is divided by l.
0
Let x = 46 + -64. Let z = x - -8. Let t = z + 17. What is the remainder when 34 is divided by t?
6
Suppose -b + 5*x + 21 = 0, -44 = -2*b + 5*x + 3. Calculate the remainder when b is divided by 18.
8
Suppose 19 + 2 = 3*f. Calculate the remainder when 27 is divided by 56/(-3)*(-6)/f.
11
Let k = -34 + 7. Let b = 73 + k. Calculate the remainder when b is divided by 12.
10
What is the remainder when 859 is divided by 14/(-21)*(2 - (-508)/(-8))?
39
Suppose 0 = -4*f + 20, 4*f - f + 8 = w. Let r(g) = 3*g**3 - 3*g**2 - 2*g - 3. Calculate the remainder when r(3) is divided by w.
22
Let h = -567 - -697. Calculate the remainder when h is divided by 37.
19
Suppose 3*v - d = 32, -5*v + 56 - 4 = -2*d. Let z be -4 + v + (1 - 4). Suppose 2*i = 3*o + 44, i + z*o = -6 + 15. What is the remainder when i is divided by 7?
5
Let g(m) = 11*m - 14. Suppose 3*a + 11 = -22. Let j = a - -15. What is the remainder when g(j) is divided by 11?
8
Suppose 3*f + 430 = 3*b - 314, -4*b + 984 = -2*f. What is the remainder when b is divided by 21?
13
Let l(x) = -65*x - 76. What is the remainder when l(-5) is divided by 57?
21
Let v be (-1)/4 - 2/(-8). Calculate the remainder when 32 is divided by (v + -1)*-1 - -17.
14
Calculate the remainder when (416/(-24) + 2)*-3 is divided by (-75)/(-6) - (-2)/(-4).
10
Suppose 2*y = -0*y + 4. Let j = -661 - -666. What is the remainder when j is divided by y?
1
Suppose -4*v = 3*t + 31, 3*v - t = t - 19. Let b(a) = -4*a + 9. What is the remainder when b(v) is divided by 13?
11
Let l be (3 + -1)/(1/18). Let a(g) = 3*g + 4. Let w be a(-6). Let h = l + w. What is the remainder when h is divided by 8?
6
Suppose -5*z = 4*t - 9, 1 = 2*z - 4*t - 25. Let w be (2*-1)/(-7 + z). Calculate the remainder when 28 is divided by (-2)/(-1) + 12 + w.
13
Let l = -314 + 320. What is the remainder when 167 is divided by l?
5
Suppose 0 = -2*w + r + 73, -3*w + 3*r + 185 = 2*w. What is the remainder when w is divided by 19?
15
Suppose 0 = 8*i - 9*i + 65. Calculate the remainder when 192 is divided by i.
62
Let s be 2/(7/5 + -1). Suppose 4*o + 13 = 93. Calculate the remainder when 1104/30 - (-1)/s is divided by o.
17
Suppose 0 = -u - 3*u - 5*r + 144, -4*u = 2*r - 156. What is the remainder when 112 is divided by u?
30
Suppose -5*w + 210 + 40 = 0. Suppose 137 = 3*n + i, i = -5*n + 5*i + 251. What is the remainder when n is divided by w*((-3)/6)/(-1)?
22
Let y(x) = x**3 - 13*x + 12. What is the remainder when 65 is divided by y(4)?
17
Let g(m) = 23*m - 1. What is the remainder when 177 is divided by g(2)?
42
Suppose 4*r = -4*h + 4, 0 = 2*r - 4*h + 30 - 2. Calculate the remainder when -2 - (-6 + 0) - (-6 - r) is divided by 3.
0
Calculate the remainder when 82 is divided by 6*12/(-54)*-21.
26
Let s be -3 + 9*5/5. What is the remainder when 87 is divided by (102/(-12) + s)*(-8)/2?
7
Let t(c) = 47*c - 39. Calculate the remainder when 205 is divided by t(2).
40
Let g = -20 + 14. Let u(s) be the third derivative of -s**4/6 - s**3 - 3*s**2. Calculate the remainder when u(g) is divided by 10.
8
Let p = -394 - -502. What is the remainder when p is divided by 16?
12
Let t(d) = d + 8. Suppose 2*v + v = 0. Suppose 0 = 5*i + 4*w + w - 15, v = -5*i + 4*w - 12. Calculate the remainder when 14 is divided by t(i).
6
Let k(h) = 2*h**2 + h - 25. Calculate the remainder when k(13) is divided by 47.
44
Let l = 1001 - 352. What is the remainder when l is divided by 31?
29
Let c(z) = 2*z + 19. Let a(u) = u + 9. Let k(l) = -14*a(l) + 6*c(l). Let d be k(-7). Suppose 37 = d*p + 11. What is the remainder when p is divided by 4?
1
Let g = -1608 + 1637. Let k(v) = 2*v**2 - 7*v + 6. Calculate the remainder when g is divided by k(4).
9
Let v = 62 + -23. Let c = -156 - -177. Calculate the remainder when v is divided by c.
18
Let y(v) = -v**2 - v + 58. What is the remainder when 48 is divided by y(6)?
0
Suppose -3*r = -r - 24. Suppose r = j + 1. Let w = j + 13. What is the remainder when w is divided by 9?
6
Suppose -4*n - 8 = -2*n, -5 = 5*f + 5*n. Suppose 2*z - f - 27 = b, 5*b = -3*z + 19. Let k = 218 + -181. What is the remainder when k is divided by z?
11
Suppose 2*a - 5*w - 1117 = 0, -7*a = -5*a + 2*w - 1124. Calculate the remainder when a is divided by 12.
9
Let j(o) = 43*o**2 - 23*o. What is the remainder when j(-1) is divided by 28?
10
Suppose 75*t = 3551 + 4099. Calculate the remainder when t is divided by 67.
35
Let r = -3016 + 3113. What is the remainder when r is divided by 60?
37
Let c = 51 - 49. Suppose c*o - 456 = -o. Calculate the remainder when o is divided by 22.
20
Let n(v) = v**3 - 3*v**2 - 7*v + 7. What is the remainder when n(6) is divided by 15?
13
Suppose -5*h - 5*x = 30, -h + 0*h + 5*x + 24 = 0. Let u = 6 + h. Suppose 0 = -6*a - 2 + 20. What is the remainder when u is divided by a?
2
Let n(l) = 23*l - 58. Calculate the remainder when n(5) is divided by 22.
13
Let h(m) = -2*m + 27. Let v be h(0). Suppose 176 = 29*l - v*l. Calculate the remainder when l is divided by 15.
13
Let k = -7 - -9. Suppose 0 = 4*j - 0*r - r - 15, 4*j - k*r = 14. Suppose 0*l - 80 = -j*l. What is the remainder when l is divided by 11?
9
Let f(s) be the third derivative of -s**5/60 + s**4/4 - s**3/3 + 2*s**2. Let y be 4/12*(-9)/(-1). Calculate the remainder when f(y) is divided by 3.
1
Let u(l) = -l**3 + 18*l**2 + 7*l - 37. Calculate the remainder when u(17) is divided by 25.
21
Let s = -24 - -40. Let k = 23 - s. Let g = k - 6. What is the remainder when g is divided by 1?
0
Let w(o) = -o**2 - 63*o + 127. Calculate the remainder when w(-62) is divided by 42.
21
Let r = 79 - 52. What is the remainder when 83 is divided by r?
2
Let j(g) = g**3 + 9*g**2 - 27*g - 10. What is the remainder when j(-10) is divided by 17?
7
Let z(f) = -6*f + 15*f - 12*f - 11. Suppose -4*w + 2 = 2*p - 0, -3*p = 3*w + 9. What is the remainder when 47 is divided by z(p)?
7
Let b(y) = 2*y**2 - 34*y - 347. Let n(w) = -24*w - 5. Calculate the remainder when n(-9) is divided by b(-8).
52
Let j = 2 + 4. Suppose -8 + 2 = -j*c. What is the remainder when c - (2*-13 + -2) is divided by 10?
9
Suppose w - 22 = 3*z, 5*z = -2*w + 6*w - 74. What is the remainder when 413 is divided by w?
13
Suppose -27*s + 2*s = -1150. Calculate the remainder when 118 is divided by s.
26
Let b be (-4 - 2)/(9/(-6)). Suppose -2*u - 2*s = -32, b*u - 3*u - 4*s - 11 = 0. Let z(k) = k**2 + 4*k - 4. What is the remainder when u is divided by z(-6)?
7
Let l = -329 + 917. Suppose 0 = -2*r + 3*p + 288, 2*p + l = 4*r - p. Calculate the remainder when r is divided by 38.
36
Let i = -2 - 1. Let g be (i/9)/((-1)/15). Suppose -s = -g*t + 218, 4*t = t - 3*s + 120. Calculate the remainder when t is divided by 11.
10
Suppose 4*d - 15 = f, 2*d = -0*d + 4*f + 18. Suppose -i + 2 - 3 = d*h, -2*h = 5*i - 34. What is the remainder when 47 is divided by i?
7
Suppose 2*b - 4 = 28. Suppose -3*o + 2*o = -5. Suppose -2*t - 2*t + 139 = o*y, y - 15 = -4*t. Calculate the remainder when y is divi